{"id":230,"date":"2011-12-30T15:29:29","date_gmt":"2011-12-30T15:29:29","guid":{"rendered":"http:\/\/localhost:8888\/ultramagic.at\/?page_id=230"},"modified":"2012-01-03T12:45:11","modified_gmt":"2012-01-03T12:45:11","slug":"kontrollen","status":"publish","type":"page","link":"https:\/\/www.ultramagic.at\/?page_id=230","title":{"rendered":"Kontrollen"},"content":{"rendered":"<p>Wir f\u00fchren 100 Std.-Kontrollen aller g\u00e4ngigen Systeme mit 4-Punkt-Aufh\u00e4ngung durch.<br \/>\nJe nach Hersteller, meist j\u00e4hrlich oder nach 100 Betriebsstunden ist ein Ballonsystem einer Kontrolle zu unterziehen. Die ordnungsgem\u00e4\u00dfe Durchf\u00fchrung der Instandhaltung &amp; laufenden Kontrollen ist auch Bedingung, um bei periodischen Nachpr\u00fcfungen die entsprechenden Verwendungs-, Einsatz- &amp; Navigationsarten wieder verl\u00e4ngert zu bekommen.<br \/>\n<a href=\"http:\/\/www.austrocontrol.at\/Images\/LTH%2024A_tcm586-47437.pdf\">Siehe LTH 24a<\/a><\/p>\n","protected":false},"excerpt":{"rendered":"<p>Wir f\u00fchren 100 Std.-Kontrollen aller g\u00e4ngigen Systeme mit 4-Punkt-Aufh\u00e4ngung durch. Je nach Hersteller, meist j\u00e4hrlich oder nach 100 Betriebsstunden ist ein Ballonsystem einer Kontrolle zu unterziehen. Die ordnungsgem\u00e4\u00dfe Durchf\u00fchrung der Instandhaltung &amp; laufenden Kontrollen ist auch Bedingung, um bei periodischen &hellip; <a href=\"https:\/\/www.ultramagic.at\/?page_id=230\">Continue reading <span class=\"meta-nav\">&rarr;<\/span><\/a><\/p>\n","protected":false},"author":1,"featured_media":0,"parent":0,"menu_order":7,"comment_status":"closed","ping_status":"closed","template":"","meta":{"footnotes":""},"class_list":["post-230","page","type-page","status-publish","hentry"],"_links":{"self":[{"href":"https:\/\/www.ultramagic.at\/index.php?rest_route=\/wp\/v2\/pages\/230","targetHints":{"allow":["GET"]}}],"collection":[{"href":"https:\/\/www.ultramagic.at\/index.php?rest_route=\/wp\/v2\/pages"}],"about":[{"href":"https:\/\/www.ultramagic.at\/index.php?rest_route=\/wp\/v2\/types\/page"}],"author":[{"embeddable":true,"href":"https:\/\/www.ultramagic.at\/index.php?rest_route=\/wp\/v2\/users\/1"}],"replies":[{"embeddable":true,"href":"https:\/\/www.ultramagic.at\/index.php?rest_route=%2Fwp%2Fv2%2Fcomments&post=230"}],"version-history":[{"count":1,"href":"https:\/\/www.ultramagic.at\/index.php?rest_route=\/wp\/v2\/pages\/230\/revisions"}],"predecessor-version":[{"id":346,"href":"https:\/\/www.ultramagic.at\/index.php?rest_route=\/wp\/v2\/pages\/230\/revisions\/346"}],"wp:attachment":[{"href":"https:\/\/www.ultramagic.at\/index.php?rest_route=%2Fwp%2Fv2%2Fmedia&parent=230"}],"curies":[{"name":"wp","href":"https:\/\/api.w.org\/{rel}","templated":true}]}}